{"id":29993,"date":"2024-08-01T21:41:37","date_gmt":"2024-08-02T03:41:37","guid":{"rendered":"https:\/\/mujeresmsm.org\/?page_id=29993"},"modified":"2024-08-02T22:45:25","modified_gmt":"2024-08-03T04:45:25","slug":"proyecto-mujeres-juventudes-jiquilisco-derecho-vida-saludable-libre-violencias","status":"publish","type":"page","link":"https:\/\/mujeresmsm.org\/?page_id=29993","title":{"rendered":"Proyecto Mujeres y juventudes de Jiquilisco por el derecho a una vida saludable y libre de violencias"},"content":{"rendered":"\t\t<div data-elementor-type=\"wp-page\" data-elementor-id=\"29993\" class=\"elementor elementor-29993\" data-elementor-post-type=\"page\">\n\t\t\t\t<div class=\"elementor-element elementor-element-323cc6d6 e-flex e-con-boxed wpr-particle-no wpr-jarallax-no wpr-parallax-no wpr-sticky-section-no e-con e-parent\" data-id=\"323cc6d6\" data-element_type=\"container\" data-e-type=\"container\">\n\t\t\t\t\t<div class=\"e-con-inner\">\n\t\t\t\t<div class=\"elementor-element elementor-element-33754177 elementor-widget elementor-widget-text-editor\" data-id=\"33754177\" data-element_type=\"widget\" data-e-type=\"widget\" data-widget_type=\"text-editor.default\">\n\t\t\t\t<div class=\"elementor-widget-container\">\n\t\t\t\t\t\t\t\t\t<p>PROYECTO:<\/p>\t\t\t\t\t\t\t\t<\/div>\n\t\t\t\t<\/div>\n\t\t\t\t<div class=\"elementor-element elementor-element-2312cf1d elementor-widget elementor-widget-heading\" data-id=\"2312cf1d\" data-element_type=\"widget\" data-e-type=\"widget\" data-widget_type=\"heading.default\">\n\t\t\t\t<div class=\"elementor-widget-container\">\n\t\t\t\t\t<h2 class=\"elementor-heading-title elementor-size-default\">Proyecto Mujeres y juventudes de Jiquilisco por el derecho a una vida saludable y libre de violencias<\/h2>\t\t\t\t<\/div>\n\t\t\t\t<\/div>\n\t\t\t\t\t<\/div>\n\t\t\t\t<\/div>\n\t\t<div class=\"elementor-element elementor-element-1ef21d87 e-flex e-con-boxed wpr-particle-no wpr-jarallax-no wpr-parallax-no wpr-sticky-section-no e-con e-parent\" data-id=\"1ef21d87\" data-element_type=\"container\" data-e-type=\"container\">\n\t\t\t\t\t<div class=\"e-con-inner\">\n\t\t<div class=\"elementor-element elementor-element-6a6e7ae7 e-con-full e-flex wpr-particle-no wpr-jarallax-no wpr-parallax-no wpr-sticky-section-no e-con e-child\" data-id=\"6a6e7ae7\" data-element_type=\"container\" data-e-type=\"container\">\n\t\t\t\t<div class=\"elementor-element elementor-element-81f9c9f elementor-widget elementor-widget-text-editor\" data-id=\"81f9c9f\" data-element_type=\"widget\" data-e-type=\"widget\" data-widget_type=\"text-editor.default\">\n\t\t\t\t<div class=\"elementor-widget-container\">\n\t\t\t\t\t\t\t\t\t<p><strong>Agencia de cooperaci\u00f3n:<\/strong><\/p><ul><li><p>Proclade Yanapay &#8211; Agencia Vasca De Cooperaci\u00f3n<\/p><\/li><\/ul><p><strong>Ubicaci\u00f3n:<\/strong><\/p><ul><li>Jiquilisco<\/li><li>Usulut\u00e1n<\/li><\/ul><p><strong>Fecha de inicio y finalizaci\u00f3n:<\/strong><\/p><ul><li>Inicia: 01 Dic 2023<\/li><li>Finaliza: 30 Nov 2025<\/li><\/ul><p><strong>Plazo:<\/strong><\/p><ul><li>2 a\u00f1os<\/li><\/ul>\t\t\t\t\t\t\t\t<\/div>\n\t\t\t\t<\/div>\n\t\t\t\t<\/div>\n\t\t<div class=\"elementor-element elementor-element-29f9c877 e-con-full e-flex wpr-particle-no wpr-jarallax-no wpr-parallax-no wpr-sticky-section-no e-con e-child\" data-id=\"29f9c877\" data-element_type=\"container\" data-e-type=\"container\">\n\t\t\t\t<div class=\"elementor-element elementor-element-63caadb elementor-grid-3 elementor-grid-tablet-2 elementor-grid-mobile-1 elementor-widget elementor-widget-portfolio\" data-id=\"63caadb\" data-element_type=\"widget\" data-e-type=\"widget\" data-settings=\"{&quot;item_ratio&quot;:{&quot;unit&quot;:&quot;px&quot;,&quot;size&quot;:0.83,&quot;sizes&quot;:[]},&quot;columns&quot;:&quot;3&quot;,&quot;columns_tablet&quot;:&quot;2&quot;,&quot;columns_mobile&quot;:&quot;1&quot;,&quot;item_gap&quot;:{&quot;unit&quot;:&quot;px&quot;,&quot;size&quot;:&quot;&quot;,&quot;sizes&quot;:[]},&quot;row_gap&quot;:{&quot;unit&quot;:&quot;px&quot;,&quot;size&quot;:&quot;&quot;,&quot;sizes&quot;:[]}}\" data-widget_type=\"portfolio.default\">\n\t\t\t\t<div class=\"elementor-widget-container\">\n\t\t\t\t\t\t\t<div class=\"elementor-portfolio elementor-grid elementor-posts-container\" role=\"list\">\n\t\t\t\t<article class=\"elementor-portfolio-item elementor-post elementor-filter-179 post-30983 post type-post status-publish format-standard has-post-thumbnail hentry category-proyectos-finalizados tag-incidencia tag-liderazgo tag-mujeres tag-organizadas tag-proyecto-mujeres-y-juventudes-de-jiquilisco\" role=\"listitem\">\n\t\t\t<a class=\"elementor-post__thumbnail__link\" href=\"https:\/\/mujeresmsm.org\/?p=30983\">\n\t\t\t\t<div class=\"elementor-portfolio-item__img elementor-post__thumbnail\">\n\t\t\t<img fetchpriority=\"high\" decoding=\"async\" width=\"2560\" height=\"1440\" src=\"https:\/\/mujeresmsm.org\/wp-content\/uploads\/2025\/07\/taller-organizacion-msm-scaled.jpg\" class=\"attachment-full size-full wp-image-30985\" alt=\"mujeres organizadas del distrito de jiquilisco durante proceso formativo\" srcset=\"https:\/\/mujeresmsm.org\/wp-content\/uploads\/2025\/07\/taller-organizacion-msm-scaled.jpg 2560w, https:\/\/mujeresmsm.org\/wp-content\/uploads\/2025\/07\/taller-organizacion-msm-300x169.jpg 300w, https:\/\/mujeresmsm.org\/wp-content\/uploads\/2025\/07\/taller-organizacion-msm-1024x576.jpg 1024w, https:\/\/mujeresmsm.org\/wp-content\/uploads\/2025\/07\/taller-organizacion-msm-768x432.jpg 768w, https:\/\/mujeresmsm.org\/wp-content\/uploads\/2025\/07\/taller-organizacion-msm-1536x864.jpg 1536w, https:\/\/mujeresmsm.org\/wp-content\/uploads\/2025\/07\/taller-organizacion-msm-2048x1152.jpg 2048w, https:\/\/mujeresmsm.org\/wp-content\/uploads\/2025\/07\/taller-organizacion-msm-18x10.jpg 18w\" sizes=\"(max-width: 2560px) 100vw, 2560px\" \/>\t\t<\/div>\n\t\t\t\t<div class=\"elementor-portfolio-item__overlay\">\n\t\t\t\t<h3 class=\"elementor-portfolio-item__title\">\n\t\tSeguimos fortaleciendo capacidades para la incidencia desde los territorios\t\t<\/h3>\n\t\t\t\t<\/div>\n\t\t\t\t<\/a>\n\t\t<\/article>\n\t\t\t\t<article class=\"elementor-portfolio-item elementor-post elementor-filter-178 post-30332 post type-post status-publish format-standard has-post-thumbnail hentry category-proyectos-en-ejecucion tag-proyecto-mujeres-y-juventudes-de-jiquilisco\" role=\"listitem\">\n\t\t\t<a class=\"elementor-post__thumbnail__link\" href=\"https:\/\/mujeresmsm.org\/?p=30332\">\n\t\t\t\t<div class=\"elementor-portfolio-item__img elementor-post__thumbnail\">\n\t\t\t<img decoding=\"async\" width=\"1037\" height=\"691\" src=\"https:\/\/mujeresmsm.org\/wp-content\/uploads\/2024\/08\/IMG_1492_1.jpg\" class=\"attachment-full size-full wp-image-30338\" alt=\"\" srcset=\"https:\/\/mujeresmsm.org\/wp-content\/uploads\/2024\/08\/IMG_1492_1.jpg 1037w, https:\/\/mujeresmsm.org\/wp-content\/uploads\/2024\/08\/IMG_1492_1-300x200.jpg 300w, https:\/\/mujeresmsm.org\/wp-content\/uploads\/2024\/08\/IMG_1492_1-1024x682.jpg 1024w, https:\/\/mujeresmsm.org\/wp-content\/uploads\/2024\/08\/IMG_1492_1-768x512.jpg 768w, https:\/\/mujeresmsm.org\/wp-content\/uploads\/2024\/08\/IMG_1492_1-18x12.jpg 18w\" sizes=\"(max-width: 1037px) 100vw, 1037px\" \/>\t\t<\/div>\n\t\t\t\t<div class=\"elementor-portfolio-item__overlay\">\n\t\t\t\t<h3 class=\"elementor-portfolio-item__title\">\n\t\tConmemoracion del Dia Mundial del Medio Ambiente\t\t<\/h3>\n\t\t\t\t<\/div>\n\t\t\t\t<\/a>\n\t\t<\/article>\n\t\t\t\t<article class=\"elementor-portfolio-item elementor-post elementor-filter-178 post-30007 post type-post status-publish format-standard has-post-thumbnail hentry category-proyectos-en-ejecucion tag-proyecto-mujeres-y-juventudes-de-jiquilisco\" role=\"listitem\">\n\t\t\t<a class=\"elementor-post__thumbnail__link\" href=\"https:\/\/mujeresmsm.org\/?p=30007\">\n\t\t\t\t<div class=\"elementor-portfolio-item__img elementor-post__thumbnail\">\n\t\t\t<img decoding=\"async\" width=\"1600\" height=\"1200\" src=\"https:\/\/mujeresmsm.org\/wp-content\/uploads\/2024\/08\/WhatsApp-Image-2024-07-30-at-10.30.44-AM-2.jpeg\" class=\"attachment-full size-full wp-image-30010\" alt=\"\" srcset=\"https:\/\/mujeresmsm.org\/wp-content\/uploads\/2024\/08\/WhatsApp-Image-2024-07-30-at-10.30.44-AM-2.jpeg 1600w, https:\/\/mujeresmsm.org\/wp-content\/uploads\/2024\/08\/WhatsApp-Image-2024-07-30-at-10.30.44-AM-2-300x225.jpeg 300w, https:\/\/mujeresmsm.org\/wp-content\/uploads\/2024\/08\/WhatsApp-Image-2024-07-30-at-10.30.44-AM-2-1024x768.jpeg 1024w, https:\/\/mujeresmsm.org\/wp-content\/uploads\/2024\/08\/WhatsApp-Image-2024-07-30-at-10.30.44-AM-2-768x576.jpeg 768w, https:\/\/mujeresmsm.org\/wp-content\/uploads\/2024\/08\/WhatsApp-Image-2024-07-30-at-10.30.44-AM-2-1536x1152.jpeg 1536w, https:\/\/mujeresmsm.org\/wp-content\/uploads\/2024\/08\/WhatsApp-Image-2024-07-30-at-10.30.44-AM-2-16x12.jpeg 16w\" sizes=\"(max-width: 1600px) 100vw, 1600px\" \/>\t\t<\/div>\n\t\t\t\t<div class=\"elementor-portfolio-item__overlay\">\n\t\t\t\t<h3 class=\"elementor-portfolio-item__title\">\n\t\tComit\u00e9 de j\u00f3venes de Jiquilisco\t\t<\/h3>\n\t\t\t\t<\/div>\n\t\t\t\t<\/a>\n\t\t<\/article>\n\t\t\t\t<article class=\"elementor-portfolio-item elementor-post elementor-filter-178 post-29989 post type-post status-publish format-standard has-post-thumbnail hentry category-proyectos-en-ejecucion tag-proyecto-mujeres-y-juventudes-de-jiquilisco\" role=\"listitem\">\n\t\t\t<a class=\"elementor-post__thumbnail__link\" href=\"https:\/\/mujeresmsm.org\/?p=29989\">\n\t\t\t\t<div class=\"elementor-portfolio-item__img elementor-post__thumbnail\">\n\t\t\t<img loading=\"lazy\" decoding=\"async\" width=\"1280\" height=\"1280\" src=\"https:\/\/mujeresmsm.org\/wp-content\/uploads\/2024\/08\/WhatsApp-Image-2024-07-30-at-9.57.27-AM.jpeg\" class=\"attachment-full size-full wp-image-29982\" alt=\"\" srcset=\"https:\/\/mujeresmsm.org\/wp-content\/uploads\/2024\/08\/WhatsApp-Image-2024-07-30-at-9.57.27-AM.jpeg 1280w, https:\/\/mujeresmsm.org\/wp-content\/uploads\/2024\/08\/WhatsApp-Image-2024-07-30-at-9.57.27-AM-300x300.jpeg 300w, https:\/\/mujeresmsm.org\/wp-content\/uploads\/2024\/08\/WhatsApp-Image-2024-07-30-at-9.57.27-AM-1024x1024.jpeg 1024w, https:\/\/mujeresmsm.org\/wp-content\/uploads\/2024\/08\/WhatsApp-Image-2024-07-30-at-9.57.27-AM-150x150.jpeg 150w, https:\/\/mujeresmsm.org\/wp-content\/uploads\/2024\/08\/WhatsApp-Image-2024-07-30-at-9.57.27-AM-768x768.jpeg 768w, https:\/\/mujeresmsm.org\/wp-content\/uploads\/2024\/08\/WhatsApp-Image-2024-07-30-at-9.57.27-AM-12x12.jpeg 12w\" sizes=\"(max-width: 1280px) 100vw, 1280px\" \/>\t\t<\/div>\n\t\t\t\t<div class=\"elementor-portfolio-item__overlay\">\n\t\t\t\t<h3 class=\"elementor-portfolio-item__title\">\n\t\tTaller de Parcela Diversificada\t\t<\/h3>\n\t\t\t\t<\/div>\n\t\t\t\t<\/a>\n\t\t<\/article>\n\t\t\t\t<article class=\"elementor-portfolio-item elementor-post elementor-filter-178 post-29965 post type-post status-publish format-standard has-post-thumbnail hentry category-proyectos-en-ejecucion tag-proyecto-mujeres-y-juventudes-de-jiquilisco\" role=\"listitem\">\n\t\t\t<a class=\"elementor-post__thumbnail__link\" href=\"https:\/\/mujeresmsm.org\/?p=29965\">\n\t\t\t\t<div class=\"elementor-portfolio-item__img elementor-post__thumbnail\">\n\t\t\t<img loading=\"lazy\" decoding=\"async\" width=\"1296\" height=\"864\" src=\"https:\/\/mujeresmsm.org\/wp-content\/uploads\/2024\/08\/IMG_1481.jpg\" class=\"attachment-full size-full wp-image-29968\" alt=\"\" srcset=\"https:\/\/mujeresmsm.org\/wp-content\/uploads\/2024\/08\/IMG_1481.jpg 1296w, https:\/\/mujeresmsm.org\/wp-content\/uploads\/2024\/08\/IMG_1481-300x200.jpg 300w, https:\/\/mujeresmsm.org\/wp-content\/uploads\/2024\/08\/IMG_1481-1024x683.jpg 1024w, https:\/\/mujeresmsm.org\/wp-content\/uploads\/2024\/08\/IMG_1481-768x512.jpg 768w, https:\/\/mujeresmsm.org\/wp-content\/uploads\/2024\/08\/IMG_1481-18x12.jpg 18w\" sizes=\"(max-width: 1296px) 100vw, 1296px\" \/>\t\t<\/div>\n\t\t\t\t<div class=\"elementor-portfolio-item__overlay\">\n\t\t\t\t<h3 class=\"elementor-portfolio-item__title\">\n\t\tTaller de Agroecolog\u00eda\t\t<\/h3>\n\t\t\t\t<\/div>\n\t\t\t\t<\/a>\n\t\t<\/article>\n\t\t\t\t<\/div>\n\t\t\t\t\t\t<\/div>\n\t\t\t\t<\/div>\n\t\t\t\t<\/div>\n\t\t\t\t\t<\/div>\n\t\t\t\t<\/div>\n\t\t<div class=\"elementor-element elementor-element-766574a8 e-con-full e-flex wpr-particle-no wpr-jarallax-no wpr-parallax-no wpr-sticky-section-no e-con e-parent\" data-id=\"766574a8\" data-element_type=\"container\" data-e-type=\"container\">\n\t\t<div class=\"elementor-element elementor-element-1989156a e-con-full e-flex wpr-particle-no wpr-jarallax-no wpr-parallax-no wpr-sticky-section-no e-con e-child\" data-id=\"1989156a\" data-element_type=\"container\" data-e-type=\"container\">\n\t\t\t\t<div class=\"elementor-element elementor-element-3792211c elementor-widget elementor-widget-image\" data-id=\"3792211c\" data-element_type=\"widget\" data-e-type=\"widget\" data-widget_type=\"image.default\">\n\t\t\t\t<div class=\"elementor-widget-container\">\n\t\t\t\t\t\t\t\t\t\t\t\t\t\t\t<img loading=\"lazy\" decoding=\"async\" width=\"800\" height=\"445\" src=\"https:\/\/mujeresmsm.org\/wp-content\/uploads\/2024\/08\/c0c828d5-5d5b-4444-965c-cecdb4a22b3a-2-1024x569.jpg\" class=\"attachment-large size-large wp-image-29879\" alt=\"\" srcset=\"https:\/\/mujeresmsm.org\/wp-content\/uploads\/2024\/08\/c0c828d5-5d5b-4444-965c-cecdb4a22b3a-2-1024x569.jpg 1024w, https:\/\/mujeresmsm.org\/wp-content\/uploads\/2024\/08\/c0c828d5-5d5b-4444-965c-cecdb4a22b3a-2-300x167.jpg 300w, https:\/\/mujeresmsm.org\/wp-content\/uploads\/2024\/08\/c0c828d5-5d5b-4444-965c-cecdb4a22b3a-2-768x427.jpg 768w, https:\/\/mujeresmsm.org\/wp-content\/uploads\/2024\/08\/c0c828d5-5d5b-4444-965c-cecdb4a22b3a-2-18x10.jpg 18w, https:\/\/mujeresmsm.org\/wp-content\/uploads\/2024\/08\/c0c828d5-5d5b-4444-965c-cecdb4a22b3a-2.jpg 1235w\" sizes=\"(max-width: 800px) 100vw, 800px\" \/>\t\t\t\t\t\t\t\t\t\t\t\t\t\t\t<\/div>\n\t\t\t\t<\/div>\n\t\t\t\t<\/div>\n\t\t<div class=\"elementor-element elementor-element-1ed0ece2 e-con-full e-flex wpr-particle-no wpr-jarallax-no wpr-parallax-no wpr-sticky-section-no e-con e-child\" data-id=\"1ed0ece2\" data-element_type=\"container\" data-e-type=\"container\">\n\t\t\t\t<div class=\"elementor-element elementor-element-293e12b elementor-widget elementor-widget-heading\" data-id=\"293e12b\" data-element_type=\"widget\" data-e-type=\"widget\" data-widget_type=\"heading.default\">\n\t\t\t\t<div class=\"elementor-widget-container\">\n\t\t\t\t\t<h3 class=\"elementor-heading-title elementor-size-default\">Empoderando mujeres juventudes prevencion genero municipio San Martin<\/h3>\t\t\t\t<\/div>\n\t\t\t\t<\/div>\n\t\t\t\t<div class=\"elementor-element elementor-element-36a47b33 elementor-mobile-align-center elementor-tablet-align-center elementor-widget elementor-widget-button\" data-id=\"36a47b33\" data-element_type=\"widget\" data-e-type=\"widget\" data-widget_type=\"button.default\">\n\t\t\t\t<div class=\"elementor-widget-container\">\n\t\t\t\t\t\t\t\t\t<div class=\"elementor-button-wrapper\">\n\t\t\t\t\t<a class=\"elementor-button elementor-button-link elementor-size-sm\" href=\"https:\/\/mujeresmsm.org\/empoderando-mujeres-juventudes-prevencion-genero-municipio-san-martin\/\">\n\t\t\t\t\t\t<span class=\"elementor-button-content-wrapper\">\n\t\t\t\t\t\t\t\t\t<span class=\"elementor-button-text\">Leer m\u00e1s<\/span>\n\t\t\t\t\t<\/span>\n\t\t\t\t\t<\/a>\n\t\t\t\t<\/div>\n\t\t\t\t\t\t\t\t<\/div>\n\t\t\t\t<\/div>\n\t\t\t\t<\/div>\n\t\t\t\t<\/div>\n\t\t\t\t<\/div>\n\t\t","protected":false},"excerpt":{"rendered":"<p>PROYECTO: Proyecto Mujeres y juventudes de Jiquilisco por el derecho a una vida saludable y libre de violencias Agencia de cooperaci\u00f3n: Proclade Yanapay &#8211; Agencia Vasca De Cooperaci\u00f3n Ubicaci\u00f3n: Jiquilisco Usulut\u00e1n Fecha de inicio y finalizaci\u00f3n: Inicia: 01 Dic 2023 Finaliza: 30 Nov 2025 Plazo: 2 a\u00f1os Empoderando mujeres juventudes prevencion genero municipio San Martin Leer m\u00e1s<\/p>\n","protected":false},"author":1,"featured_media":29968,"parent":0,"menu_order":0,"comment_status":"closed","ping_status":"closed","template":"","meta":{"footnotes":""},"class_list":["post-29993","page","type-page","status-publish","has-post-thumbnail","hentry"],"aioseo_notices":[],"_links":{"self":[{"href":"https:\/\/mujeresmsm.org\/index.php?rest_route=\/wp\/v2\/pages\/29993","targetHints":{"allow":["GET"]}}],"collection":[{"href":"https:\/\/mujeresmsm.org\/index.php?rest_route=\/wp\/v2\/pages"}],"about":[{"href":"https:\/\/mujeresmsm.org\/index.php?rest_route=\/wp\/v2\/types\/page"}],"author":[{"embeddable":true,"href":"https:\/\/mujeresmsm.org\/index.php?rest_route=\/wp\/v2\/users\/1"}],"replies":[{"embeddable":true,"href":"https:\/\/mujeresmsm.org\/index.php?rest_route=%2Fwp%2Fv2%2Fcomments&post=29993"}],"version-history":[{"count":17,"href":"https:\/\/mujeresmsm.org\/index.php?rest_route=\/wp\/v2\/pages\/29993\/revisions"}],"predecessor-version":[{"id":30351,"href":"https:\/\/mujeresmsm.org\/index.php?rest_route=\/wp\/v2\/pages\/29993\/revisions\/30351"}],"wp:featuredmedia":[{"embeddable":true,"href":"https:\/\/mujeresmsm.org\/index.php?rest_route=\/wp\/v2\/media\/29968"}],"wp:attachment":[{"href":"https:\/\/mujeresmsm.org\/index.php?rest_route=%2Fwp%2Fv2%2Fmedia&parent=29993"}],"curies":[{"name":"wp","href":"https:\/\/api.w.org\/{rel}","templated":true}]}}